is the units digit of n?
7
Let o(r) = 2*r**3 - 2*r**2 - 6*r + 1. What is the units digit of o(6)?
5
Let u(j) = -j**3 + 3*j**2 + 3*j + 1. Let o be u(4). Let a = -4 + 2. Let q = a - o. What is the units digit of q?
1
Let z be (62/8)/(7/28). Let q = 59 - z. What is the tens digit of q?
2
Let u(x) = 3*x + 9. Let m be u(-7). Let i = -7 - m. Suppose -4*j + 17 = a, -4*j + i*a + 37 = 2. What is the units digit of j?
5
Let a = 34 + 14. What is the units digit of a?
8
Suppose 2*g = r - 7 - 2, 8 = -3*r - g. What is the units digit of 0/r + 8/4?
2
Suppose -2*d - 8 = -4*d. Suppose -d*s = -s. Let b = s + 5. What is the units digit of b?
5
Let g(f) = -4*f**2 - f**3 + 3*f**2 + 4 + 2. Suppose -32*q + 31*q = 0. What is the units digit of g(q)?
6
Let q(a) = a**2 + 10*a + 9. Let u be q(-9). Let s = 2 + u. Suppose -o - 16 = -2*i, 2*o = -i - s*i + 31. What is the units digit of i?
9
Let v be 26 - 3/6*4. Suppose -114 = -5*k - v. What is the units digit of k?
8
Let p = 1 + 1. Suppose -p*g = 4*w - 2*w - 22, -10 = -2*g. What is the units digit of w?
6
Let p = 205 - 64. What is the tens digit of p?
4
Let m be 12/(-10)*(-10)/3. Let d(v) = -3 - 1 - 3*v - 1 + 5*v. What is the units digit of d(m)?
3
Suppose 4*z - 5*v = 431 + 218, -3*z + 5*v + 488 = 0. What is the hundreds digit of z?
1
Let d(t) = -t**2 + 9*t - 9. Let r be d(7). Suppose 4*g - 27 = -4*m - 7, 0 = -g + 5. Let z = r + m. What is the units digit of z?
5
Let c(r) = -r**3 - 5*r**2 + 11*r + 5. Suppose 0 = -4*q - 25 - 3. What is the units digit of c(q)?
6
What is the tens digit of 389/4 + 7/(-28)?
9
Let c(v) = -v**2 - 4*v + 4. Let k be c(-4). Let s(y) = -y**3 + 5*y + 5. Let w be s(-2). Suppose 0 = -j, -w*z + 2*j = -k*z + 10. What is the tens digit of z?
1
Let v be 1*-1*9/(-3). Suppose 0 = 4*i - 3*i + 4*t + 17, 0 = -v*i - 2*t - 1. Let z = -2 + i. What is the units digit of z?
1
Suppose 3*f + 0 = 3. Suppose -v + 7 = f. What is the units digit of v/4*(-8)/(-6)?
2
Suppose -5*s = -3*t - 17 - 18, 4*s + 2*t = 6. Suppose o = 4*o - 6, -5*o - 10 = -s*p. What is the units digit of p?
5
Suppose 2*b + 2*b = 0. Suppose b*i = -4*x - 5*i - 12, i = 4*x - 12. What is the units digit of x?
2
Let m be (-1)/(4/12*1). What is the units digit of -2*18*m/4?
7
Let l = -9 + 36. What is the tens digit of l?
2
Suppose 3*v - 227 = 4*u, 3*v - 2*u - 11 - 206 = 0. Let f = v - 47. What is the tens digit of f?
2
Let g = 0 - 0. Let n = 25 + -5. Suppose g = 2*x - 7*x + n. What is the units digit of x?
4
Suppose 0*p = -4*p + 124. What is the tens digit of p?
3
Let n be -64*(2 - (3 - 0)). Suppose -2*z = -12 - n. Suppose z = 3*s - 1. What is the tens digit of s?
1
Suppose -3*f - 5*g + 416 = 0, 0 = f - 3*f - 5*g + 269. What is the units digit of f?
7
Suppose i - 57 = 4*n, 0*i + 5*i - 4*n = 285. What is the units digit of i?
7
Let c(i) be the third derivative of -i**5/60 + 5*i**3/2 - 7*i**2. What is the tens digit of c(0)?
1
Let a(w) = w**2 - 10*w + 11. Let f be a(9). What is the units digit of (-3 + 2)*(-34)/f?
7
Suppose 11 = 5*w - 19. Let z = w - -5. What is the tens digit of z?
1
Suppose -15 = 4*i - 7*i. Suppose 0 = -a + 3*a - 3*u - 19, i*a - 2*u = 53. What is the units digit of a?
1
Suppose -41 = -5*f + 4. Suppose 0 = 4*j + 15 - 3. Let x = j + f. What is the units digit of x?
6
Suppose -6*s + 45 = -5*s. Let h be 4/18 + 80/s. Suppose 0 = 7*y - h*y - 10. What is the units digit of y?
2
Suppose -5*t - p + 575 - 39 = 0, 4*p + 531 = 5*t. What is the hundreds digit of t?
1
Let x be (2 - 36/15)*-5. Suppose 0 = -x*r + 1 + 5. Suppose r*h = v + 7*h - 5, 7 = 4*v + 3*h. What is the units digit of v?
1
Suppose -4*x = -2*k + 518, 0 = 6*k - 3*k - 4*x - 785. What is the hundreds digit of k?
2
Let k = 1 - 1. Let y be (-1 - k)*(1 - 3). Suppose -y = -2*q + q. What is the units digit of q?
2
Let h(u) = -u**2 + u + 54. What is the units digit of h(0)?
4
Let v(b) = 5*b**3 - 3*b - 5*b**3 + 0*b**3 - 3 - b**3. Let y = 3 + -5. What is the tens digit of v(y)?
1
Suppose -y + 0*y = 2*b, 0 = -2*y + b. Let c(l) = 4*l**2 - l - 4. Let j(i) = -5*i**2 + i + 4. Let m(u) = -6*c(u) - 5*j(u). What is the units digit of m(y)?
4
Suppose m = -o, -2*m + 3 + 2 = -3*o. Let k = o + -5. What is the units digit of (8/3)/((-4)/k)?
4
Let j = 1 + 3. Suppose j = -2*g - 4, 5*g = 4*s - 212. What is the units digit of s?
8
Suppose g + 4*g - 10 = 0. Suppose -i - 9 = -4*r + 4, -5*i + 7 = -g*r. Suppose 0 = -4*o - 3*q + 36 + 20, i*o = 4*q + 17. What is the tens digit of o?
1
What is the tens digit of 1/6 - (-825)/18?
4
Suppose -3*z + 4*z + 4*d = 24, 4*d = 2*z. Let b(g) = g**3 - 8*g**2 + 2*g - 10. Let h be b(z). What is the units digit of (h/(-4))/(2/(-4))?
3
Let n(z) = z**2 - 7*z - 7. What is the units digit of n(-12)?
1
What is the units digit of (-2 - 3)/((-5)/70)?
0
Suppose 4*o = 24 - 8. Suppose l = 2*w + 15, 0 = -o*l + 3*w - w + 66. Suppose -b = -2*b - 2*v + 11, 0 = b + 5*v - l. What is the units digit of b?
7
Let o(l) = l**3 - 3*l - 6*l**2 - 5 + 8*l + 0*l**3 - 3. What is the units digit of o(6)?
2
Let u(t) = -t**2 - 6*t + 5. Let y be u(-7). Let k = 13 + y. What is the units digit of k*((-6)/(-2))/3?
1
Let l(z) = -z**2 + 17*z + 35. What is the units digit of l(17)?
5
Let n be (-3 - (0 - 1))*-1. Suppose n*g - 5*x + 1 = 0, -2*g + 11 = 2*g + 3*x. What is the units digit of g?
2
What is the tens digit of 39 + 6/15*5?
4
Suppose 0 = -3*u + u + 6. Suppose -u*x - 10 = -31. What is the units digit of x?
7
Let o(s) = s + 4. Suppose -2*v - h + 17 = 0, 3*v = 4*v + 4*h - 5. What is the units digit of o(v)?
3
Suppose -6*p - 10 = -p. What is the units digit of (0 - p) + -2 + 1?
1
What is the tens digit of (-4 + 0)/((-3)/24)?
3
Let j = 7 + 11. Suppose 158 = 4*w - j. What is the tens digit of w?
4
What is the tens digit of 0/(-1) - (-3 - 52)?
5
What is the units digit of (-20)/(-2) + (6 - 7)?
9
Suppose -3*f = -4*i - 36, i - 4*i = -f + 22. Let n be 29 + 9/i*2. Let t = -18 + n. What is the units digit of t?
8
Let n = 4 - -1. Suppose -5 = -j + n*h + 8, 5*j - 65 = 2*h. Suppose 0 = 4*k + 5*y - 31, k - j = y - 3. What is the units digit of k?
9
Suppose 6*u = 10*u + 8. What is the tens digit of ((-186)/12)/(1/u)?
3
Let n be ((-1)/2)/(2/(-12)). Suppose -25 = 4*d + 5*z, 10 = -2*z - 0*z. Suppose -n*k = -d*k - 24. What is the units digit of k?
8
Suppose 8*j - 7*j = 72. What is the tens digit of j?
7
Suppose 4 + 6 = 5*f. Suppose 0 = p - 3, v = -f*p + 5*p - 5. What is the units digit of v?
4
Suppose 6*u - 12 = 2*u - h, -4*u - 4*h = -24. Suppose 19 + 17 = u*f. What is the tens digit of f + 1 + 1 + 0?
2
Let o(c) = -112*c - 31. What is the tens digit of o(-3)?
0
Suppose 0*d + 33 = -3*d. Let l = -16 - -33. Let k = d + l. What is the units digit of k?
6
Suppose 5*o + 2*t = 22, -3*o + t + 0*t = -22. Suppose -2*k - k = -12. Suppose o*c - k*c - 14 = 0. What is the units digit of c?
7
What is the hundreds digit of (-7)/(1/(-44 + 3))?
2
Let c(a) = a**3 - a**2 + 5. Let h be c(0). Suppose 7*g - 32 = h*g. What is the tens digit of g?
1
Suppose 0 = -2*n + 3 + 5. Suppose -n*c = -c. Suppose -2*j + 10 = -t, -4*t + 2 = -2*j - c*t. What is the units digit of j?
7
Suppose -2*i + 15 = i. Suppose i*v = -0*v + 70. What is the tens digit of v?
1
Let f be ((-2)/(-4))/((-2)/4). Let b = -92 + 101. Let v = b + f. What is the units digit of v?
8
Suppose -4*n + 28 = 4*u, -4*n - u + 25 - 6 = 0. Suppose -f - 17 = 5*p, f - 4*p - n = 15. What is the units digit of f?
3
Suppose -6*j = -463 - 101. What is the tens digit of j?
9
Suppose 3*l = o + 264, 4*l - 2*o = 2*l + 176. What is the tens digit of l?
8
Suppose 0 = -12*u + u + 1111. What is the tens digit of u?
0
Suppose -47 = -5*t + 58. What is the units digit of t?
1
Let y = 635 - 280. What is the hundreds digit of y?
3
Let l(a) = -a**3 + 5*a**2 + 7*a + 1. Let q be (-2)/1 - 8*-3. Let g = q - 16. What is the units digit of l(g)?
7
Let s(o) = o**2 - o + 2. Let k be s(-2). Let f be 11/4 + 2/k. What is the tens digit of f + -2 + 10 + 3?
1
Suppose 0 = 3*d - 4*d. Suppose d = -4*q + 5 - 1. What is the units digit of q?
1
Let p(t) = -t**2 + 3*t - 2. Let h be p(3). Let j be 3 - (-4 + h)*-1. What is the units digit of 3 + -26*j/6?
6
Let b = -14 + 16. What is the units digit of b?
2
Let g = 102 + -63. What is the tens digit of g?
3
Suppose -38 - 34 = -4*o + 4*s, o = -5*s + 42. Let n = o + -6. What is the units digit of n?
6
S